 20 = -z*l, -i + l = -68. What is the tens digit of i?
6
What is the tens digit of -1 - (5 - 6)*1892?
9
Let h(g) be the third derivative of -g**5/30 + 43*g**3/2 - 15*g**2. What is the units digit of h(0)?
9
Let p(n) = n - 4. Let h be p(5). Let m be (-10*h)/1 + 2. What is the units digit of (m/10)/(8/(-40))?
4
Suppose 5*v - 691 = -3*c + 314, -3*c + 801 = 4*v. Suppose 4*w - v = -l, 3*l = -l. Let r = w - -5. What is the units digit of r?
6
Suppose 3*r + 2*m - 3 = 4*r, 3*r = -2*m + 15. Suppose 0*f - f = -r*h - 20, -2*f - 3*h + 58 = 0. What is the units digit of f?
6
Let z(n) = 4*n + 8. Let r be z(7). Suppose -2*y = -y - r. What is the tens digit of (-54)/y - 154/(-4)?
3
What is the units digit of (12/7)/((-4)/((-448)/2))?
6
Let z(x) = -2*x + 4. Let w be z(-3). Suppose -14*f = -w*f. What is the units digit of -7*(5 + f)*-1?
5
Let s = 2665 - 1687. Let g = s + -1416. What is the units digit of (-9)/15 - g/30?
4
Let u(h) = 14*h - 53. Let m(z) = 14*z - 53. Let k(q) = 5*m(q) - 4*u(q). What is the units digit of k(15)?
7
Let g be 4/14 + (-324)/(-42). Let y(c) = -c**2 + 14*c - 5. What is the units digit of y(g)?
3
Let z(h) = 7*h**2 - 27*h**2 + 18*h**2 + 13 - h**3 - 9*h + 11*h**2. Let f be z(8). Suppose 195 = -f*x + 8*x. What is the units digit of x?
5
What is the hundreds digit of (-1)/1 - 47*(1 + -75)?
4
Suppose 3*z - 17 = -2*r, z = -0*z + 5*r - 17. Suppose -z*o = -29 + 137. Let a = o - -59. What is the tens digit of a?
2
Let k(p) = 3*p**3 + 12*p**2 + 9. Let a be k(-4). Suppose -a*u = -24*u + 1200. What is the tens digit of u?
8
Suppose -10164 = -4*n - 4*h, 0 = -4*n + 5*h + 783 + 9399. What is the tens digit of n?
4
Suppose -748 = -24*k + 22*k. What is the units digit of k?
4
Let d(j) = j**3 + 11*j**2 + 10*j. What is the units digit of d(-9)?
2
Suppose 5*a - 3 = 12. Suppose -8*h + 3*h + 673 = -3*p, -4*p + 427 = a*h. What is the units digit of h?
7
Suppose 113 = -7*o + 449. Suppose -3*j = -2*j + 12. Let c = j + o. What is the tens digit of c?
3
Suppose -3*p = -b + 282, -5*p - 810 = -4*b + 290. What is the tens digit of b?
7
Suppose 7543 - 1796 = 7*r. What is the units digit of r?
1
Let p(s) = s**3 + 13*s**2 - 18*s + 4. Let a be p(-14). Suppose 2*g + 0*g - a = -5*f, 4*f - 20 = 4*g. What is the tens digit of f?
1
Let o(r) be the second derivative of 23*r**4/12 + 3*r. Let c be o(2). Suppose 0 = -4*t - 0*t + c. What is the tens digit of t?
2
Let c = 598 - 249. What is the units digit of c?
9
Let h(y) = 131*y + 26. What is the units digit of h(7)?
3
What is the tens digit of 24822/11 + (710/110 - 7)?
5
Let q be -1*2 - -3*(-5)/(-3). Suppose -2 = q*c - 149. What is the tens digit of c?
4
Let l be 744/(-36) - 2/(-3). Let o = l - -20. Suppose o = -2*m - 3*a + 118, -4*m + 171 = -m + 3*a. What is the tens digit of m?
5
Let m(g) = 13*g - 111. What is the tens digit of m(33)?
1
Let t = -97 - -170. Suppose 6*n = 59 + t. What is the tens digit of n?
2
Let f(v) be the second derivative of -5*v + 0 + 11/6*v**3 + 1/2*v**2. What is the units digit of f(1)?
2
Let l = 930 - 94. What is the units digit of l?
6
Let d(t) = 2*t + 12. Let u(h) be the first derivative of -h**4/4 - 11*h**3/3 - 5*h + 12. Let w be u(-11). What is the units digit of d(w)?
2
Let k(d) = 17*d + 32. Let c be k(-13). Let n = 340 + c. What is the units digit of n?
1
Suppose -2*b = -4 - 4. Suppose 5*l - 45 = -5*p, 9 = b*l - 5*l + 5*p. What is the units digit of l?
6
Let b(x) be the second derivative of x**4/12 - 5*x**3/6 - 3*x**2 + 12*x. What is the units digit of b(7)?
8
Suppose -17*a + 25716 = -24553. What is the tens digit of a?
5
Suppose 2*y + 0*w - 7830 = 5*w, -4*y - 3*w = -15660. What is the hundreds digit of y?
9
Let z = 2258 + -347. What is the units digit of z?
1
Let n = -793 - -1327. What is the tens digit of n?
3
Let n be 6/4 + (-56)/16. What is the tens digit of 32 - -6*n/(-4)?
3
Suppose -96*d + 93*d = 3*v - 8838, v + 4*d = 2940. What is the tens digit of v?
4
Let g(z) = -11*z - 18. Let c be g(11). Let l = c - -401. What is the units digit of l?
2
Let u = -23 + 25. What is the units digit of (-16 + 18 + (-6)/u)*-137?
7
Suppose -1541 = -120*z + 119*z. What is the hundreds digit of z?
5
Let g(r) be the third derivative of -r**6/120 + r**5/60 - 5*r**2. Let k be g(2). Let t = k - -12. What is the units digit of t?
8
Let o = -32 + 27. Let v(f) = 4*f**2 + 178*f + 4 - 170*f + 0. What is the tens digit of v(o)?
6
Suppose 14*u - 10*u - 2*g = 5610, -2*u + 4*g + 2814 = 0. What is the units digit of u?
1
Let z(h) = 24*h**2 - 14*h + 68. What is the hundreds digit of z(6)?
8
Let u = -768 - -1908. What is the units digit of u?
0
Suppose 2*c + c - 2413 = -2*m, 4*m = -16. Let k = -512 + c. What is the units digit of (-4)/(-22) - k/(-11)?
7
Let l = -13 + 24. Suppose 4*u = -5*g + l, u + 4*u = -2*g + 1. Suppose g*f - 17 = 13. What is the units digit of f?
0
Let s(f) = -f**3 + 10*f**2 - 11*f + 13. Let j be s(9). Let p = j + -34. What is the units digit of (16/12)/((-1)/p)?
2
Let s = 57 + 386. What is the units digit of s?
3
Let m(i) = i**3 + 5*i**2 - 2*i - 7. Let v be m(-5). Let w be v/((-2)/(16/6)). Let d(r) = -r**3 - 3*r**2 + 2*r - 5. What is the units digit of d(w)?
3
Suppose 0 = -11*n + 4*n + 854. Let j = n + -81. What is the units digit of j?
1
Let z(h) = h. Let i(j) = -42*j + 1. Let b(l) = i(l) - 2*z(l). What is the units digit of b(-4)?
7
Suppose -2*x + 37761 = 39*x. What is the units digit of x?
1
Suppose v = 4*n - 0*n - 98, 5*v + 490 = 4*n. What is the units digit of 3/(-5) + v/(-5)?
9
Let y = -103 - -11. Let w = -55 - y. Suppose -w + 109 = 2*f. What is the tens digit of f?
3
Let w(m) = 27*m**3 - 3*m**2 - 2*m + 4. What is the hundreds digit of w(2)?
2
Let y = 879 + 248. What is the tens digit of y?
2
Let y = 4076 + -2061. What is the hundreds digit of y?
0
Suppose 4*w + 15 = 99. Let a = 41 + -38. Suppose 3*k - a*t - w = -6*t, -2*t - 22 = -4*k. What is the units digit of k?
6
Let o = 5 + 2. Let b be o - -1 - 4 - 2. Suppose b*p - 44 = 54. What is the tens digit of p?
4
Let n(w) = -w**3 + 6*w**2 - 2*w + 11. Let t be -4 + 6*(-8)/(-3). Let g be t/3 - (1 + -2). What is the tens digit of n(g)?
2
What is the units digit of 1*75 + (-11 - (-35)/5)?
1
Let c(q) be the first derivative of -13/3*q**3 - 15/2*q**2 - 1/4*q**4 - 6*q - 6. What is the units digit of c(-12)?
0
Let i(m) = 4 + 2*m - 4*m + m + 2*m. Let c be i(4). Suppose h + z - c = 14, 3*h = -z + 74. What is the units digit of h?
6
Let a = -1054 - -1752. What is the units digit of a?
8
Let i(f) = f**3 - 12*f**2 - 9*f + 4. Let j(s) = -s**3 + 11*s**2 + 8*s - 4. Let t(p) = -4*i(p) - 5*j(p). Suppose 4*u - 4 = 28. What is the units digit of t(u)?
6
Let v(i) = 5*i**2 - 4*i + 3. Let w(g) be the second derivative of g**4/2 - 5*g**3/6 + 2*g**2 + g. Let c(h) = 5*v(h) - 4*w(h). What is the tens digit of c(6)?
3
Suppose -123 = -3*t + 2*r + 7161, 12142 = 5*t - 4*r. What is the tens digit of t?
2
What is the tens digit of ((-1)/2 - (-6954)/12) + -5?
7
Let d = 2293 - 1486. What is the units digit of d?
7
Let m = 211 - -1838. What is the thousands digit of m?
2
Let w(r) be the third derivative of -19*r**4/24 - 23*r**3/6 - 10*r**2. What is the tens digit of w(-6)?
9
Let t = 8838 - 5758. What is the thousands digit of t?
3
Let p(b) = -64*b - 11. Let n(m) = m**2 - 11*m + 28. Let o be n(6). What is the tens digit of p(o)?
1
Let u be ((-51)/(-119) - 20/14) + -2. Let m(v) be the second derivative of v**4/6 - v**3/2 - 3*v**2/2 - 2*v. What is the tens digit of m(u)?
2
Let f(d) = d**3 - 11*d**2 - 12*d + 6. Let v be f(12). Suppose -10*y = -7*y - v. Suppose j = -y*u + 52, u = j - 4*u - 38. What is the units digit of j?
8
Let h be -17*(-1)/(-5)*(1 - 6). Let k(u) = -u**3 + 16*u**2 + 22*u - 5. What is the tens digit of k(h)?
8
Suppose -11*r = -8*r - 2883. What is the tens digit of r?
6
Suppose 2*p - 1905 + 149 = 0. What is the units digit of p?
8
Let j(u) = 20*u - 46. Let z be j(-8). Let o = -5 - z. What is the hundreds digit of o?
2
Suppose 540*s = 514*s + 49374. What is the thousands digit of s?
1
Let v(x) be the first derivative of x**2 - 4*x - 1. Let c be v(4). Let m(h) = -h**2 + 5*h - 1. What is the units digit of m(c)?
3
Suppose 3*r = -0*r - 18. Let s be (-20)/r*(-105)/(-14). Let u = s + -12. What is the units digit of u?
3
Let c(u) = u**3 + 15*u**2 - 21*u - 15. Let r be c(-16). Let 